{"id":416,"date":"2025-12-07T16:22:14","date_gmt":"2025-12-07T15:22:14","guid":{"rendered":"https:\/\/www.mathebdo.fr\/?page_id=416"},"modified":"2025-12-07T16:22:14","modified_gmt":"2025-12-07T15:22:14","slug":"le-jeu-des-4-josette","status":"publish","type":"page","link":"https:\/\/www.mathebdo.fr\/index.php\/le-jeu-des-4-josette\/","title":{"rendered":"Le jeu des 4 Josette"},"content":{"rendered":"\n<p>Le jeu des 4 Josette est librement inspir\u00e9 du jeu Okyia. Le but du jeu est d&rsquo;e placer son jeton sur une place d&rsquo;aligner 4 de ses jetons sur un plateau de jeu. Il faut savoir associer diff\u00e9rentes repr\u00e9sentations des nombres de 6 \u00e0 9. Ce jeu s&rsquo;adresse principalement \u00e0 la grande section.<\/p>\n\n\n\n<p>A imprimer en recto\/verso sur les bords courts. Cliquez sur l&rsquo;image pour le t\u00e9l\u00e9charger.<\/p>\n\n\n<div class=\"wp-block-image\">\n<figure class=\"aligncenter size-large is-resized\"><a href=\"http:\/\/www.mathebdo.fr\/wp-content\/uploads\/2025\/12\/Les4Josette_MATHebdo-1.pdf\"><img loading=\"lazy\" decoding=\"async\" width=\"1024\" height=\"576\" src=\"https:\/\/www.mathebdo.fr\/wp-content\/uploads\/2025\/12\/Jeu_Les4Josette-1024x576.png\" alt=\"\" class=\"wp-image-414\" style=\"aspect-ratio:1.7778123930311356;width:353px;height:auto\" srcset=\"https:\/\/www.mathebdo.fr\/wp-content\/uploads\/2025\/12\/Jeu_Les4Josette-1024x576.png 1024w, https:\/\/www.mathebdo.fr\/wp-content\/uploads\/2025\/12\/Jeu_Les4Josette-300x169.png 300w, https:\/\/www.mathebdo.fr\/wp-content\/uploads\/2025\/12\/Jeu_Les4Josette-768x432.png 768w, https:\/\/www.mathebdo.fr\/wp-content\/uploads\/2025\/12\/Jeu_Les4Josette-1536x864.png 1536w, https:\/\/www.mathebdo.fr\/wp-content\/uploads\/2025\/12\/Jeu_Les4Josette-2048x1152.png 2048w\" sizes=\"auto, (max-width: 1024px) 100vw, 1024px\" \/><\/a><\/figure>\n<\/div>","protected":false},"excerpt":{"rendered":"<p>Le jeu des 4 Josette est librement inspir\u00e9 du jeu Okyia. Le but du jeu est d&rsquo;e placer son jeton sur une place d&rsquo;aligner 4 de ses jetons sur un plateau de jeu. Il&#46;&#46;&#46;<\/p>\n","protected":false},"author":2,"featured_media":0,"parent":0,"menu_order":0,"comment_status":"closed","ping_status":"closed","template":"","meta":{"footnotes":""},"class_list":["post-416","page","type-page","status-publish","hentry"],"_links":{"self":[{"href":"https:\/\/www.mathebdo.fr\/index.php\/wp-json\/wp\/v2\/pages\/416","targetHints":{"allow":["GET"]}}],"collection":[{"href":"https:\/\/www.mathebdo.fr\/index.php\/wp-json\/wp\/v2\/pages"}],"about":[{"href":"https:\/\/www.mathebdo.fr\/index.php\/wp-json\/wp\/v2\/types\/page"}],"author":[{"embeddable":true,"href":"https:\/\/www.mathebdo.fr\/index.php\/wp-json\/wp\/v2\/users\/2"}],"replies":[{"embeddable":true,"href":"https:\/\/www.mathebdo.fr\/index.php\/wp-json\/wp\/v2\/comments?post=416"}],"version-history":[{"count":1,"href":"https:\/\/www.mathebdo.fr\/index.php\/wp-json\/wp\/v2\/pages\/416\/revisions"}],"predecessor-version":[{"id":417,"href":"https:\/\/www.mathebdo.fr\/index.php\/wp-json\/wp\/v2\/pages\/416\/revisions\/417"}],"wp:attachment":[{"href":"https:\/\/www.mathebdo.fr\/index.php\/wp-json\/wp\/v2\/media?parent=416"}],"curies":[{"name":"wp","href":"https:\/\/api.w.org\/{rel}","templated":true}]}}